e?
True
Let j(w) = -50*w + 7. Let t be 2 + (-2)/6*-3 + 2. Suppose -15*h + 14*h = t. Is j(h) a prime number?
True
Let f = -2772 - 3740. Let l = 15621 + f. Is l a prime number?
True
Let t(o) = -5*o**3 + o**2 + 15*o + 9. Let x be t(-5). Suppose 0 = 588*y - x*y - 6004. Is y a composite number?
True
Let o = 155 + -78. Suppose 4*h + 2*u + 326 = 0, h + 3*u - u + o = 0. Let y = 44 - h. Is y prime?
True
Suppose 3*d = -60*h + 63*h + 379332, -5*d = 2*h - 632213. Is d a prime number?
True
Let o(y) = -847*y + 14. Suppose 4*d + 0 = -2*l - 2, d = 1. Let r be o(l). Suppose -x - 3*x = -5*h + r, h - 3*x - 511 = 0. Is h a composite number?
True
Suppose -3*d + 1167371 = 2*i, -998002 - 947610 = -5*d + 3*i. Is d composite?
True
Let v(i) = -i**3 + 6*i**2 - 5*i + 83. Let r be v(7). Is 1*r*-1 - (-101360)/56 a composite number?
False
Let o(f) = f - 1. Let s(y) = -2*y - 1403. Let u(i) = -6*o(i) - s(i). Let z be u(0). Let n = -938 + z. Is n a prime number?
False
Let r be 41118/(-20) + (-79)/790. Let o = -1365 - r. Is o prime?
True
Let l = -1203574 + 1727855. Is l prime?
False
Suppose 0 = -4*u - 8*d + 4*d + 4, 2*u + 4*d - 12 = 0. Is 3016/11 + 8/176*u prime?
False
Suppose -3*j + 10020 + 174 = 0. Suppose -3*b + 4*c = -4*b + j, 0 = 2*b - c - 6751. Let r = b + -1907. Is r a composite number?
False
Suppose -73*j + 70*j = -10683. Suppose -5*s + 17921 = 4*r, s + 3*r - j = 8*r. Is s a prime number?
True
Let n(j) = j**3 + 4*j**2 - 18*j - 92. Let d be n(-4). Is (-12)/d - (334610/(-25) + 4) prime?
True
Let y(s) = -s**2 + s - 276. Let j be y(0). Let f = j + 563. Let z = f - 146. Is z a prime number?
False
Suppose q + 4*l - 3*l - 7 = 0, -q - 4*l + 22 = 0. Suppose 24 = q*b + 18. Suppose -b*y = -0*y + 9, 4*w = -y + 1345. Is w prime?
True
Suppose 7*i - 384 = -5*i. Let h be (-8222)/(-4) + (-16)/i. Let x = h + 254. Is x a prime number?
True
Suppose 0 = 10*g + 223 - 213. Is 376 + 16 - g/(-1) a prime number?
False
Suppose 4*l + 4*l = 2*l + 33342. Is l a composite number?
False
Let w(i) be the first derivative of i**7/280 - 11*i**6/360 + 3*i**5/20 - i**4/8 + 23*i**3/3 + 31. Let g(u) be the third derivative of w(u). Is g(8) composite?
True
Let t = 295 - 122. Suppose 252 = 5*j - t. Is j a composite number?
True
Let a be 2046/286 - 4/26. Suppose -3*x + 2 + a = 3*k, 5*x = 2*k - 6. Suppose 5*d = 3*m - 2211, 2*m + 3*m - k*d = 3685. Is m composite?
True
Is (-277945)/(-9) + (-106)/(-477) a prime number?
False
Let c(m) = 25*m**3 - 3*m - 24*m**3 + 23 + 0*m**2 - 2*m**2 - 5*m**2. Let o be c(7). Suppose 0 = -4*n + 4, 4*u - 1630 = -0*n - o*n. Is u a composite number?
True
Let g(v) = 1156*v**2 + 2. Let n be g(-1). Suppose -2*c = -8, 4*c = -3*h + 1501 + n. Suppose h - 9285 = -4*u. Is u a composite number?
True
Suppose 21*p - 16*p + 4*d - 1215451 = 0, 0 = -2*p + d + 486183. Is p a prime number?
True
Suppose -178 = 15*q + 272. Let o be q/45 - 14/6. Let s(m) = -838*m - 1. Is s(o) a composite number?
True
Suppose 0 = -2*i + m + 59641, 34068 = i - 4*m + 4237. Is i a prime number?
True
Let r(u) be the third derivative of -67*u**4/4 - 253*u**3/6 - 238*u**2 + u. Is r(-20) a prime number?
False
Let f(c) = 43*c**3 - 34*c**2 + 154*c - 7. Is f(6) a prime number?
False
Let v(q) = 83*q**2 + 1822*q + 110. Is v(-83) composite?
False
Let j = 26765 + -3366. Is j prime?
True
Suppose -i + 171053 = -3*a, 7*i - 1197579 = -79*a + 74*a. Is i composite?
False
Let r(v) = -46*v**2 + 5*v - 3. Let l be r(-4). Let o = 1400 - l. Is o a prime number?
False
Let w(p) = 37487*p + 4291. Is w(6) a composite number?
False
Suppose 2*u = -4*n - 6, -2*u + 3*n + 26 = -n. Suppose q = -0*q - u*f + 484, 3*f + 9 = 0. Is q a prime number?
True
Let r be -20*2/4*-1. Suppose -7 + r = -z. Let n(q) = -1097*q + 8. Is n(z) prime?
True
Let p be 5/(-1)*5345/(-5). Let r = 9334 - p. Is r a prime number?
True
Let a be ((132/(-8))/3)/(1/(-2)). Suppose -27*p = -a*p - 1009808. Is p a composite number?
False
Suppose 0*d = 3*r - 3*d - 15, 4*r - 3*d - 24 = 0. Suppose -r*t + 12868 = 4885. Is t composite?
False
Suppose 0 = -18*n - 3 - 123. Is (0 + -5147)*n*(5 - 4) a composite number?
True
Let p = 146 + -263. Let b = -106 - p. Suppose -14*m + 10182 = -b*m. Is m a prime number?
False
Let g = -15 - -15. Let z(v) = 5*v + 3. Let l be z(g). Suppose 2*m - l*h = 3796, 6692 = 3*m - 5*h + 999. Is m a prime number?
True
Suppose -z + 11 + 48 = 2*b, -2*b - 153 = -3*z. Suppose -4*g + z*g - 531209 = 0. Is g prime?
False
Let r(j) = j**3 - 17*j**2 - 2*j + 51. Let z be r(17). Suppose z*k - 2791 = 22896. Is k a composite number?
False
Suppose 2*q - 16239 = 3*w, -q + 7274 = -3*w - 838. Let m = q + -4432. Is m prime?
False
Let p(l) = -l**3 + 20*l**2 + 23*l - 16. Let f be p(21). Suppose 38 = 4*h + f. Suppose -h*y - y = -10412. Is y composite?
True
Suppose 389526507 = 397*a + 11082804 - 16359696. Is a prime?
False
Let d be (-2)/25 - 293953/275. Let f = d - -1878. Is f composite?
False
Suppose -2 = -g + 1. Let j be (5 - 140/25)*-5. Suppose -g*x = -j*w - 3438, -2*w + w - 4587 = -4*x. Is x composite?
True
Let y = 323250 + -109903. Is y a prime number?
False
Suppose 14*y - 96 = 2*y. Suppose y*f - 3704 = 16*f. Let u = 902 + f. Is u prime?
True
Suppose -7840 = -u + 337. Let q = u - 4824. Is q prime?
False
Suppose 2*h - 5*o = -14, 3*o - 12 = -0*o. Suppose -a = 5*d - 754, h*a + 2*a - 3704 = -3*d. Is a prime?
True
Suppose -4683947 = 9*i - 30*i - 22*i. Is i a prime number?
True
Let i = 2823349 + -1282926. Is i composite?
False
Let i(x) = 25 + 310*x + 649*x - 12 - 27*x. Is i(3) a prime number?
False
Suppose 0 = -13*g - 26. Let p = g + 301. Is p prime?
False
Let y(i) = -143*i**3 - 26*i**2 - 126*i + 49. Is y(-16) a prime number?
True
Let p = 20 + -29. Let f be 2 - (p/3 - -2). Suppose f*q - 191 = -20. Is q a composite number?
True
Suppose 0*f + 2*f = -2*d + 820, -2*d = 3*f - 1234. Suppose 12*y = 9*y + f. Let r = -11 + y. Is r composite?
False
Let n(f) = 236*f**2 + 4*f - 809. Is n(-20) a prime number?
False
Let c(v) = -3*v + 15. Let g be c(4). Suppose g*d - 4704 = -3*d. Let k = -477 + d. Is k a prime number?
True
Let t = -42 + 47. Suppose -2039 = -t*h + 2*v, -397 = -2*h + h - 5*v. Let j = h + -258. Is j a prime number?
True
Suppose -n + n + 6*n = 0. Suppose n = 10*c - 5*c - 3485. Is c a composite number?
True
Let q = 38909 + 145914. Is q a prime number?
True
Let j = 601636 + -307209. Is j prime?
False
Let u be (-6 + 26/4)*(-1 - -1). Suppose u = -2*z - 19 + 29. Suppose -z*w + 9*w = 7796. Is w prime?
True
Let r(b) = 1047*b - 4738. Is r(57) composite?
False
Suppose 3*w + 2 = 3*b - 4, -3*w - 4 = -2*b. Suppose -5*q + b = 4*n + 72, 3*q + 51 = -3*n. Is (-1549)/(-3) + (-10)/n a prime number?
False
Suppose 0 = 3*t - 0*m + 3*m - 58002, 2*m + 19325 = t. Suppose -16*w + 5853 = -t. Is w a composite number?
True
Let p = -86148 - -265979. Is p a composite number?
True
Let u be (-551410)/25 + 8/20. Let r = u + 31558. Is r prime?
False
Let y(a) = -3*a**2 - 11 + 35*a**3 - 72*a**3 + 41*a**3 + 3*a. Is y(3) a prime number?
True
Let t(n) = n**3 + 5*n**2 - 13*n + 2. Let l be t(-7). Let z(h) = -2498*h**2 + 3*h + 4. Let f be z(l). Is 1/4 - f/28 a composite number?
True
Let u(h) = -45*h**3 - 3*h**2 - 3*h - 1. Let c(f) = -3*f**2 + 7*f + 6. Let l be c(-1). Is u(l) composite?
False
Suppose -98*f = -231*f + 24954923. Is f composite?
False
Suppose 1270*s = 1263*s + 169561. Is s a composite number?
False
Suppose -140*z + 63244965 + 7534634 = 117*z. Is z a composite number?
True
Let b = 111 + -109. Suppose -b*p - p = a - 3441, 0 = 5*p - a - 5735. Is p a prime number?
False
Suppose 99*u = 697497 + 615144. Is u a prime number?
True
Suppose -5*u = -22439 + 22083 - 48309. Is u composite?
False
Let w(o) = -o**3 + 34*o**2 + 87*o + 31. Let k be w(36). Let x = k + 8544. Is x composite?
True
Let w be (3 - 14/4)/((-2)/(-8)). Let i be (80/48)/(w/384). Let v = -171 - i. Is v composite?
False
Let z(m) = 65*m**2 + 9*m - 8. Let w be z(-7). Let o = 48 - 46. Suppose -2*d = 10, o*l - d - w = l. Is l a composite number?
False
Let d be 0/(-6)*-1 - 5. Is d/3 + ((-50766)/(-9) - 0) a composite number?
False
Let l = -182021 + 323814. Is l prime?
True
Suppose -5*j = -0*j + 40. Let z(k) = -5*k**2 + k + 2. Let d(x) = -3*x**2 - 14*x - 23. Let c(v) = d(v) - z(v). Is c(j) a prime number?
True
Let l be (3/(-6) - 1)/((-57)/304). Let z(d) = 474*d + 29. Is z(l) a composit